 - 120. Let y be (d/15)/((-2)/9). Is (-17382)/9*y/(-2) composite?
False
Suppose 7*z - 3*z = -5*b + 1321, -5*b - 1595 = -5*z. Suppose -z*i = -325*i + 7151. Is i a composite number?
False
Suppose -264 = 5*d - 4199. Suppose -49*z + 256 - 11 = 0. Suppose -w + z*l = -d, -3*l = -5*w + 9*w - 3148. Is w prime?
True
Let t(c) = -10394*c - 2465. Is t(-15) a composite number?
True
Let u = 49 - 47. Suppose -v = -5*k - 5, -v + u*k = -k - 13. Let x(d) = -d**3 + 27*d**2 - 28*d + 36. Is x(v) a composite number?
True
Suppose -2*m + 3666 = -4*s, -2*m = 4*s - 3198 - 436. Let t(d) = 3*d**2 + 9*d - 13. Let h be t(11). Suppose -m - h = -6*i. Is i a prime number?
True
Let a(o) = 22530*o**2 - 79*o - 13. Is a(2) a composite number?
True
Suppose -2*b + 1 = -5. Suppose z + 23 = 5*p, -b*z - 19 = -9*p + 4*p. Suppose 5*y - 334 = p*n - 4*n, 5*n - 72 = -y. Is y a prime number?
True
Let l(f) = 5036*f**2 + 2*f - 85. Is l(6) prime?
False
Let k(f) = -30*f**2 - 11*f + 7. Let l be k(6). Let s = l - -2195. Suppose 2*b = 910 + s. Is b prime?
True
Let g be 4 + 0 + -11 - (-10 - -1). Suppose v = -3*o + 4 + 4, -5*o = 2*v - 14. Suppose -269 = -o*u + 4*x + 621, -g*u - 4*x = -898. Is u a composite number?
True
Suppose -2*u = -0*u - 890. Suppose -359*y + 152 = -360*y. Let r = y + u. Is r composite?
False
Suppose -102*a = -9443926 - 2456822. Is a a prime number?
False
Let a(q) = 21*q - 28. Let g be a(2). Suppose -g*n + 24682 = -0*n. Is n a composite number?
True
Let j(x) = x**3 - 4*x**2 + 2*x - 4. Suppose 0 = 3*i + 2 - 14. Let k be j(i). Is (2 + k/2)*62/8 a composite number?
False
Suppose 5*q = -2*x + 703566, -4*q - 1162309 - 596474 = -5*x. Is x a prime number?
True
Let a(k) = -k**3 - 7*k**2 + 16*k - 19. Let x be a(-9). Is x/((-4)/15976) + (0 - 5) a composite number?
False
Suppose 1755*j = 1762*j + 3703. Let m = 1176 + j. Is m a composite number?
False
Suppose 1374607 = 436*f - 423*f. Is f composite?
True
Let m be (-6)/(-72)*-4*-15. Is (8147/m)/(48/240) prime?
True
Let i(b) = 4*b**2 + 6*b + 31. Let l be 2*14/16*4. Suppose -l*h - 2*u = -2*h - 74, 5*h + u = 77. Is i(h) composite?
False
Is 321022 + 226 - (-76)/4 a composite number?
True
Let x = 5721 - 2817. Suppose 3*i + z = x, 4*i - 13*z - 3853 = -8*z. Is i a composite number?
False
Let o(r) = -r**3 + 36*r**2 - 35*r - 3. Let b be o(35). Let w(x) = -133*x**3 + x**2 - 7*x + 2. Is w(b) composite?
False
Let m = -40 + 50. Let u be 14/m - (-11)/(275/15). Suppose u*y = 1922 - 48. Is y a composite number?
False
Let q be 96/9 - -2*(-3)/9. Is 3/15*-3 + 1596/q composite?
True
Let r = 9189 - 6442. Suppose r = p - 4310. Is p a prime number?
True
Suppose 0 = -11*u + 37 + 7. Suppose 3*x = 2*x - 4*n + 4, 0 = -4*x - 4*n + u. Suppose -r - 3*r + 4828 = x. Is r composite?
True
Suppose -3*r = -3*m - 636429, -2*m = 3*r - 125859 - 510600. Is r a prime number?
False
Let w(k) = -16*k + 12*k - k + 48 + 2*k. Is w(9) a composite number?
True
Suppose -5*o - t + 12829 = -9666, 2*o - t = 9005. Let u = o + -1279. Is u prime?
True
Is ((-2648994)/8)/((-2073)/2764) a composite number?
False
Suppose -102*y + 161487 = -75*y. Is y prime?
True
Suppose -6 = -0*d - d - 3*v, -d + 4 = 2*v. Let f(a) be the third derivative of -a**6/120 - a**4/24 + 683*a**3/6 - 2*a**2 - 371*a. Is f(d) composite?
False
Let a(z) = -z**3 - 38*z**2 - 32*z - 327. Is a(-44) a composite number?
False
Let y = -1664 + 22491. Is y prime?
False
Suppose -404*c = -399*c + 5195. Let i = -498 - c. Is i a composite number?
False
Let o = 89 - 84. Suppose o*w = -2*g - 5714, 0 = 5*g + 4*w + 15479 - 1211. Let j = g + 5013. Is j composite?
False
Let f be (-2)/(-6) + (-182)/42. Let j be f/(-12) + (-20)/(-12). Suppose 0 = p - t - j*t - 223, 0 = 2*p + 3*t - 410. Is p prime?
True
Let r be (0/(-31))/((-6)/(-2)). Let b(h) = -19*h + 4087. Is b(r) a composite number?
True
Let y(n) = -19634*n - 2343. Is y(-40) a composite number?
True
Let a = 42028 + -13565. Is a prime?
True
Let w(p) = -2*p - 9. Let r be w(-6). Is 15065 + (r + -3 - -6) prime?
False
Suppose -5*f = -7*l - 4115462, 38*f + l + 2469274 = 41*f. Is f a prime number?
False
Let h(t) = -268*t**3 - 9*t**2 - 77*t - 83. Is h(-7) a prime number?
True
Let o be (-14920)/((-3 - -2)*1). Suppose 3*a - 2*y = 6, -2*a + 3*a + 3*y = 2. Suppose a*c - 10*c = -o. Is c composite?
True
Let n = -649749 + 923098. Is n prime?
True
Let s = -429 - -442. Is (-201366)/(-26) - (1 - 15/s) a prime number?
False
Suppose 6 = i, -4*o + 292*i + 236770 = 293*i. Is o a composite number?
True
Let z(a) = 2*a**3 + 151*a**2 + 91*a - 187. Is z(-54) a composite number?
True
Let m = -17516 - -378. Let s = m + 24207. Is s prime?
True
Suppose 0 = 60*x - 378494 - 190846. Is x composite?
True
Suppose 171857 = x - w, -115*w = 4*x - 113*w - 687440. Is x composite?
True
Let d = 96 - 96. Suppose d = -i - 5*q + 559 + 1532, -5*q = -3*i + 6353. Is i composite?
False
Is -13 - -2*(205746 + 24) a prime number?
True
Let s = 1786387 - 1143618. Is s a prime number?
True
Suppose -1374835 - 7777453 = -59*d + 7722243. Is d composite?
False
Let r(d) = -873*d**3 + 4*d**2 + 410*d + 122. Is r(-17) a prime number?
False
Let r = 23236 + 89271. Is r prime?
True
Suppose -5*r - 4*u = -101277, 134*r - 5*u - 60781 = 131*r. Is r prime?
False
Let w(s) = 579*s**3 + s**2 - 3*s + 1. Let j be w(-2). Let k = j + 12438. Is k a prime number?
True
Suppose -w + 8*w - w = 0. Suppose -2*u - 120 + 196 = w. Is u prime?
False
Suppose -3*w + 365730 + 287966 = -381847. Is w prime?
True
Suppose -9*h - 23*h = 14*h - 23194166. Is h a composite number?
False
Is (-33778269)/(-54) + (-3 - 20/(-8)) composite?
True
Let c(z) = -z**3 - 16*z**2 + 6*z + 1. Let j(q) = -q + 18. Let t be j(-6). Suppose 0 = -28*y + t*y - 72. Is c(y) prime?
True
Suppose -4*f - 7 = -75. Suppose 27*s = -f*s + 204380. Is s a composite number?
True
Suppose x + n = 4*x - 2, 3*x + 3*n = -18. Let t(k) = 1. Let b(r) = 8*r - 20. Let m(h) = x*b(h) - 5*t(h). Is m(-14) prime?
True
Let k(b) = 5*b**2 + 59*b - 11. Suppose 20*j = 9*j + 154. Is k(j) a prime number?
False
Suppose -7*i + 12*i - 139 = 4*b, 3*b + 3 = 0. Is (-6)/i - (-3)/((-162)/(-612966)) a composite number?
False
Let s(k) = -k - 8. Let j be s(-8). Suppose -3*w - w - 5*a = -423, 5*w + 2*a - 533 = j. Let t = 162 - w. Is t a prime number?
False
Suppose -6*x + 9*x = 1917. Let w be (-6)/(-9)*x/(-6). Is 0 - 2 - (w - (-5 - -3)) prime?
True
Let f = 77495 - 47106. Is f a prime number?
True
Suppose 135193 = -2*z + 9*k + 466502, -5*z + 828214 = -3*k. Is z a prime number?
False
Let w be (-4 - (-154)/35)*40. Suppose w*u = 48016 + 67648. Is u a prime number?
True
Suppose 0 = 3*y + 5*z - 27 - 47, z = -2*y + 47. Let i = 22 - y. Let f(s) = -383*s - 4. Is f(i) composite?
False
Suppose 56 = 8*w + 56. Suppose 3*j - 996 - 3159 = w. Is j composite?
True
Suppose -3*l - 3*t = 162, -3*l - t = 2*l + 270. Is (-2)/9 - 37218/l prime?
False
Let c(q) = -2745*q + 4. Let t(d) = 686*d - 1. Let r(f) = 2*c(f) + 9*t(f). Let v be r(-2). Let h = v + 2808. Is h composite?
False
Let k be -15 - (0 + -1 + 3). Let y = k - -23. Suppose -4*x + y*x = 3386. Is x a composite number?
False
Suppose -99*k + 587538861 = -79*k + 253*k. Is k a prime number?
False
Let i = 584760 + -63017. Is i composite?
False
Suppose 0 = 92*k - 100*k + 66448. Suppose 0 = -2*j + 4*b + k, 2*j + 9*b - 10*b - 8303 = 0. Is j composite?
True
Is ((2/5 - (-6)/(-15)) + 1)*241229 composite?
False
Let y be 3/12 - (-5005)/44. Suppose 12*x - x = 3102. Suppose -l + y = 5*s, s = -3*l - 2*s + x. Is l a prime number?
True
Let d(s) = 42*s + 1. Suppose 12 = -33*u + 29*u. Let g be d(u). Let z = 172 + g. Is z a composite number?
False
Let z(s) = 33 - 2*s + s**3 - 12*s**2 + 11 + 3 - 20. Let m be z(12). Suppose 5*c = -3*v + v + 1459, 1456 = 5*c + m*v. Is c composite?
False
Let t(p) = -69*p**3 + 5*p**2 - 8*p - 1. Let h(o) = -103*o**3 + 8*o**2 - 12*o - 2. Let f(i) = 5*h(i) - 8*t(i). Is f(3) a prime number?
True
Let v(k) = 8278*k - 1053. Is v(4) composite?
False
Let c = 113 + -126. Let w(d) = 5*d**2 + 19*d - 45. Is w(c) a composite number?
True
Let c(k) = k**3 - 6*k**2 + 90*k + 9. Is c(34) a prime number?
True
Let v be 138/(-1035) + 4/30. Suppose v = -16*z - 19*z + 1060045. Is z a composite number?
True
Let s(x) = 1659*x + 1. Let z be s(25). Suppose 3*b - 44114 = -2*j - 13007, 4*b - 3*j - z = 0. Is b a prime number?
True
Let f(h) = h**3 - 14*h